= 184549 + 30235. Is c a prime number?
False
Suppose 4*j = -v + 4064499, -j + 825276 = -2*v - 190833. Is j prime?
True
Let m(l) = l**3 - 12*l**2 + l - 27. Let h be m(11). Let n = h - -2937. Suppose -4*p - 260 - 283 = -b, -5*b + 3*p = -n. Is b a composite number?
False
Let c = -10978 + 24212. Suppose -2464 = y - c. Suppose 0 = 5*r + y - 26195. Is r a prime number?
False
Is ((-23559)/9)/(-22 + (-21043)/(-957)) prime?
False
Let m(i) = 3*i**3 + i**2 + i - 2. Let o be m(1). Suppose a + 3*y - 15 = 8*y, o*y + 11 = a. Suppose -855 = -a*u + 3580. Is u composite?
False
Suppose 71 = -a + 73. Suppose -a*s = 2*s - 8. Is ((-33828)/(-3))/s*6/12 a composite number?
False
Let y be 0 + -2 + 902/22. Suppose 193470 = -9*z + y*z. Is z a composite number?
False
Let h(w) = 1485*w**2 - 21*w - 1. Is h(-2) composite?
False
Let i be 55/(-11) + 2*4. Is ((-6)/(-3) - i)*(-3981 - -28) a composite number?
True
Let w(q) = -13*q**3 - 3*q**2 + q + 3. Let m be w(-1). Suppose 4*n - 2732 = -8*z + m*z, 0 = -5*n - 3*z + 3415. Is n a composite number?
False
Let z(h) = -4*h + 33. Let v be z(8). Let l be (-6)/(-15) - (-2)/(-5). Is (v - 4 - -159) + (-1 - l) a prime number?
False
Let n(j) = -2*j + 15268. Let p be n(0). Let f = p - 7761. Is f a composite number?
False
Let k(j) = -j + 2. Let h = 53 + -51. Let v be k(h). Suppose -3*s = 15, v*m + 2308 = m + 3*s. Is m prime?
False
Suppose 16*r + 2*s + 10611 = 11*r, 4*r + 8488 = -2*s. Let m = -921 - r. Is m a prime number?
False
Suppose m = 29*m - 2114084. Is m prime?
True
Is (18/4 + -5)*-4106 a prime number?
True
Let j = 9954 + -4031. Is j composite?
False
Suppose 2*l - 6*l - 4 = 3*j, -4*l - 32 = -4*j. Let x(k) = -150*k**3 - 10*k + 3. Is x(l) composite?
False
Let x = -12558 - -206720. Is x a composite number?
True
Suppose -5 = -r + 3*f - 0, 4*r - 3*f - 29 = 0. Let j be (-3)/(-6) + 0 - (-1)/(-2). Suppose 2*x - r*x + 276 = j. Is x prime?
False
Suppose -209*i - 27357458 + 163211011 = 0. Is i composite?
False
Let x = 59162 - 8640. Is x a prime number?
False
Let i = 242 + -252. Let x = 49 - i. Is x prime?
True
Let s(y) = 2*y + 11. Let i be s(-6). Suppose -5*t = -5*c - 20, -4*c + 4*t = c + 16. Is (c + i)/((4/(-4))/161) composite?
True
Is (-34 + 23 - 560)*(-1227)/3 a composite number?
True
Suppose 67*a + 12*a - 37336487 = 12*a. Is a a composite number?
False
Suppose -25*k + 9*k = -80. Suppose 0 = -5*a + s + 48280, -2*a + 5*a = -k*s + 28940. Is a a composite number?
True
Let n(l) = -3766*l**3 + 5*l**2 + 6*l - 6. Let v be n(-7). Is v/63 - (-6)/63 composite?
False
Let m be 11 + (-2 - 3) + 5. Is (-2)/14 - m/(462/(-142344)) composite?
False
Suppose x + 0 - 1 = 0, 5*a + 2*x + 18278 = 0. Let v = -2342 - a. Suppose -v = -4*i - s, 2*i - s = -69 + 729. Is i a prime number?
False
Suppose 99*v - 2508201 - 3827961 = -27*v. Is v composite?
False
Let k = -43 + 46. Suppose -4*r = -k*l - 23767, -4*r + l = 2141 - 25906. Is r prime?
False
Suppose 357 - 1363 = -b. Suppose 0 = 2*k - 0*k + b. Let f = 376 - k. Is f a composite number?
True
Let t(j) = -28*j + 6. Let h be t(1). Let i = h + 39. Suppose 18*u - 2807 = i*u. Is u a prime number?
False
Let t(y) = -y**2 - 34*y - 76. Let d be t(-16). Let v = -1 - -3. Suppose -2*z - v*z = -d. Is z prime?
True
Is (-36280)/30*(-402)/8 a prime number?
False
Suppose -4*s - j + 0*j + 65978 = 0, 32996 = 2*s - 3*j. Is s prime?
False
Let d = -64 - -113. Let m(u) = 2 + 185*u - 37*u + d*u. Is m(3) a composite number?
False
Let y(l) be the second derivative of 2*l**5/5 - 25*l**4/24 + 9*l**3/2 - 5*l. Let t(d) be the second derivative of y(d). Is t(16) a prime number?
True
Let s = 2011 + -2019. Suppose -c + 0 = 95. Let t = s - c. Is t a composite number?
True
Let y be -4 - (-196)/42*6/4. Let m be 8/y*(-12)/(-8). Suppose 0 = i + 5*z - 999, -4*z - 3912 = -m*i - 3*z. Is i a prime number?
False
Let p(i) = 15*i**2 + 3*i - 29. Let m be p(-14). Let d = m + -974. Suppose -4*a + d = -1333. Is a prime?
False
Let w be 1/7 - 3036/84. Let z = 36 + w. Is 10527/22 + (z - 2/(-4)) composite?
False
Let t = 681 - 693. Let a(v) = -295*v + 247. Is a(t) prime?
False
Suppose -2*n = 4*p - 575622, -4*n + 13*p + 1151274 = 15*p. Is n a composite number?
False
Suppose 4990536 = -137*c + 161*c. Is c a composite number?
True
Let z(a) = 244*a - 23. Let b = 18 + -11. Is z(b) a prime number?
False
Let f be 14/(-2) + 6961626/54. Is 9/4*f/84 composite?
True
Suppose -1996383 + 130077 = -39*z. Let r = z - 16607. Is r a composite number?
False
Let m be 247/4 + 28/112. Is 2/(22/(-2101)*(-2)/m) composite?
True
Let b be ((-4653)/282)/(2/(-72)). Suppose 2 + 14 = 4*m. Suppose 723 = x + m*a, x - b = 5*a + 93. Is x a composite number?
True
Let i(t) = -5*t - 1. Let k be i(-1). Suppose -4*c = 4*r - 5*r - 5074, k*r = 5*c - 6348. Suppose -w = w - c. Is w prime?
False
Suppose 50*o - 85*o = 86*o - 11385253. Is o a prime number?
False
Let v(t) = 147*t**2 - 73*t - 1921. Is v(-30) a prime number?
False
Let m(s) = 3*s**2 - 3*s - 25. Suppose 22 = -7*x - 34. Is m(x) composite?
False
Let g(t) = t**3 - 8*t**2 + 9*t - 8. Let h be g(7). Let x(v) = 89*v - 27. Let d be x(h). Let p = 836 - d. Is p composite?
True
Let x be ((-4 - -8) + 1)*146. Let c = 1257 - x. Let y = 790 - c. Is y composite?
False
Is ((-9)/36)/((9/2404056)/((-9)/6)) a prime number?
True
Let h = 45415 + -23962. Is h a prime number?
False
Let b = -38 + 42. Suppose s = b*s - 19047. Is s prime?
False
Suppose 0 = -3*n - 1 + 4, -i + 2*n + 1 = 0. Suppose 8*s - i*s = -5, 0 = -2*q + 4*s + 6. Is (-1)/((-130)/(-131) - q) a composite number?
False
Let u = -159456 - -223517. Suppose -12*g - 17*g + u = 0. Is g prime?
False
Suppose -240 = -d - 14*d. Let q = 25 - d. Let m(x) = 11*x**2 - x + 19. Is m(q) a composite number?
True
Suppose -7875 = 3*a + 3*o, 3*o - 8*o + 10 = 0. Let l = a - -5386. Is l a prime number?
False
Suppose 0 = -2*a - 4*u + 58346, -3*a + 2*u - 87535 = -6*a. Suppose -3*g + a = 3*t, -6*g - 29181 = -9*g - t. Is g prime?
False
Suppose 4*n = -15*o + 1035276 + 1161165, -2*o - 2*n = -292850. Is o a prime number?
False
Let g = 99062 + 182091. Is g a prime number?
True
Let r(j) = 401551*j + 10526. Is r(5) prime?
True
Let h = 20215 + 48846. Is h prime?
True
Let m(a) = 115*a**2 + 6*a + 7. Let s be m(10). Let t = 17378 - s. Suppose 2*k - 3*w - t = 0, 4*k - 11647 = 2*w - w. Is k a composite number?
True
Suppose 2*w + 40*w - 8825964 = -42*w. Is w composite?
False
Let z = 39 + -39. Suppose 3*j - 3*n = -1 + 7, z = 3*j + n - 22. Is ((-5036)/j)/(8/(-12)) a prime number?
True
Let z(v) = 616*v**2 - 6*v + 3. Let f(r) = r**2 - 19*r + 7. Let u be f(19). Is z(u) composite?
True
Suppose 657*j + 1049892 = 669*j. Is j prime?
True
Let a = 3194 - -3241. Let d = a + 2716. Is d a prime number?
True
Suppose 3 = f + 2. Suppose 3*k - 2*k = -f, -3*p + k = -1771. Suppose -40*a + p = -38*a. Is a a composite number?
True
Suppose 53280 = -92*h + 475192. Is h a composite number?
True
Suppose 5*n - 432310 = 5*g, -1813*n + 1811*n + 172888 = 2*g. Is n a prime number?
True
Suppose 551 + 1101 = 28*d. Suppose r - y = 41163, 51 = -4*y + d. Is r a composite number?
True
Let u(j) = 535*j**2 + j - 2. Let h be u(6). Let z = -13661 + h. Is z a composite number?
True
Let q(o) = 4848*o**2 + o - 1. Let v be q(1). Let y = -1171 - -1175. Suppose y*x = -4*f + v, -f + 6*x + 1218 = x. Is f prime?
True
Suppose 32*z - 33*z - 6*a + 340351 = 0, -3*z - a = -1021104. Is z a prime number?
True
Let p(y) = -y**3 - 12*y**2 + 4. Let d be p(-12). Suppose -88 = -z - 15. Suppose z = g - 2*q, 3*g + d*q = 2*q + 235. Is g a composite number?
True
Let q(y) = -y**3 + 6*y**2 + 2*y - 31. Let g be q(5). Suppose 2*u + 2*w = 6*w + 1366, g*w - 653 = -u. Is u a composite number?
False
Let g = 473765 - 224272. Is g a prime number?
False
Suppose 0 - 74 = 5*m + w, -4*w - 11 = m. Is 905/2 - 1 - m/6 a composite number?
True
Let c = 30073 - 16256. Is c a composite number?
True
Let s(a) = 56*a + 231. Let h(u) = -19*u - 77. Let g(v) = -8*h(v) - 3*s(v). Is g(-13) a prime number?
True
Suppose 3*t = -2*c + 13, 0 = 3*t + 3*c - 0 - 18. Let b be 0/t - (14 - 428). Let s = b - 257. Is s composite?
False
Is 44834 - 1/((-1)/6*(-156)/182) a prime number?
False
Suppose 131*t + 487342 = -131*t + 264*t. Is t a composite number?
False
Is 5/((-224046)/224061 - -1) prime?
True
Suppose c - 3*s - 10913 - 1469 = 0, -2*c - 2*s + 24740 = 0. Is c 